lions digit of 690235029?
9
What is the billions digit of 6996510391?
6
What is the hundred thousands digit of 27405758?
4
What is the ten thousands digit of 53259670?
5
What is the hundred thousands digit of 118247549?
2
What is the ten millions digit of 1190250173?
9
What is the hundred millions digit of 2886885950?
8
What is the ten thousands digit of 19931589?
3
What is the millions digit of 43611132?
3
What is the ten thousands digit of 53344396?
4
What is the units digit of 22865410?
0
What is the tens digit of 636736973?
7
What is the hundreds digit of 8025451?
4
What is the hundreds digit of 62924120?
1
What is the thousands digit of 2351302316?
2
What is the hundred thousands digit of 66114202?
1
What is the hundred thousands digit of 565474106?
4
What is the hundreds digit of 146779627?
6
What is the tens digit of 2108648301?
0
What is the tens digit of 1256143948?
4
What is the ten millions digit of 174977911?
7
What is the hundred thousands digit of 352954846?
9
What is the hundreds digit of 481464294?
2
What is the hundred thousands digit of 66497133?
4
What is the hundred thousands digit of 48385707?
3
What is the ten millions digit of 6357580766?
5
What is the ten millions digit of 3796379272?
9
What is the ten thousands digit of 121309607?
0
What is the units digit of 17707230?
0
What is the hundreds digit of 41992827?
8
What is the ten millions digit of 787394333?
8
What is the units digit of 90610492?
2
What is the units digit of 4857151315?
5
What is the ten thousands digit of 947704217?
0
What is the ten thousands digit of 3614373402?
7
What is the ten thousands digit of 42613891?
1
What is the ten millions digit of 133241870?
3
What is the units digit of 12359975?
5
What is the tens digit of 1270273679?
7
What is the ten thousands digit of 3106001025?
0
What is the millions digit of 79752856?
9
What is the tens digit of 5529622924?
2
What is the thousands digit of 46710506?
0
What is the hundreds digit of 60371150?
1
What is the hundreds digit of 2359257625?
6
What is the thousands digit of 1149884927?
4
What is the hundreds digit of 321493448?
4
What is the ten millions digit of 1633754532?
3
What is the ten thousands digit of 4741817640?
1
What is the thousands digit of 2787472229?
2
What is the hundred millions digit of 414689411?
4
What is the billions digit of 4623141727?
4
What is the units digit of 675674347?
7
What is the tens digit of 77252772?
7
What is the hundred thousands digit of 6140916425?
9
What is the ten thousands digit of 7752161155?
6
What is the ten thousands digit of 72274839?
7
What is the units digit of 18920955?
5
What is the ten millions digit of 6854179780?
5
What is the hundred millions digit of 1000593050?
0
What is the hundreds digit of 142132746?
7
What is the hundreds digit of 3324043939?
9
What is the tens digit of 33527810?
1
What is the hundred thousands digit of 637431986?
4
What is the ten thousands digit of 29257770?
5
What is the hundred thousands digit of 84306760?
3
What is the ten thousands digit of 3885067?
8
What is the ten millions digit of 42292046?
4
What is the millions digit of 884143161?
4
What is the thousands digit of 1825061988?
1
What is the thousands digit of 37401257?
1
What is the billions digit of 4765091012?
4
What is the tens digit of 510349340?
4
What is the ten thousands digit of 654443399?
4
What is the hundred millions digit of 4462439459?
4
What is the millions digit of 28930720?
8
What is the hundred millions digit of 814101329?
8
What is the units digit of 324167946?
6
What is the hundreds digit of 67126364?
3
What is the ten thousands digit of 29297095?
9
What is the millions digit of 43734145?
3
What is the units digit of 191556531?
1
What is the millions digit of 379512394?
9
What is the tens digit of 59848544?
4
What is the thousands digit of 805232108?
2
What is the ten thousands digit of 36563257?
6
What is the billions digit of 1011496446?
1
What is the hundreds digit of 2345690560?
5
What is the hundred thousands digit of 161893900?
8
What is the thousands digit of 700169859?
9
What is the ten millions digit of 171314116?
7
What is the hundreds digit of 28213311?
3
What is the units digit of 142667071?
1
What is the millions digit of 787452259?
7
What is the ten millions digit of 2287512839?
8
What is the tens digit of 1861181612?
1
What is the tens digit of 48538901?
0
What is the units digit of 6587314523?
3
What is the ten millions digit of 61520778?
6
What is the units digit of 372751905?
5
What is the ten thousands digit of 272562923?
6
What is the hundreds digit of 2917691?
6
What is the hundred millions digit of 689209503?
6
What is the ten thousands digit of 3529469?
2
What is the tens digit of 353323635?
3
What is the tens digit of 236420581?
8
What is the tens digit of 108543745?
4
What is the hundreds digit of 493133039?
0
What is the millions digit of 91115737?
1
What is the units digit of 7592085?
5
What is the millions digit of 1039117442?
9
What is the ten millions digit of 3228745459?
2
What is the tens digit of 25201717?
1
What is the ten millions digit of 44322498?
4
What is the ten thousands digit of 181165766?
6
What is the millions digit of 562805844?
2
What is the thousands digit of 246756622?
6
What is the thousands digit of 1340336810?
6
What is the ten millions digit of 94243989?
9
What is the ten thousands digit of 318661410?
6
What is the hundred millions digit of 174148966?
1
What is the units digit of 25994860?
0
What is the ten thousands digit of 179262005?
6
What is the hundred millions digit of 199100895?
1
What is the units digit of 5370478?
8
What is the units digit of 3395305438?
8
What is the tens digit of 295497507?
0
What is the units digit of 952813409?
9
What is the hundred millions digit of 165818510?
1
What is the ten thousands digit of 32917734?
1
What is the hundred millions digit of 2071597851?
0
What is the tens digit of 37731481?
8
What is the units digit of 57743175?
5
What is the ten thousands digit of 29244342?
4
What is the hundreds digit of 45606728?
7
What is the thousands digit of 130583072?
3
What is the units digit of 3131154372?
2
What is the millions digit of 18012208?
8
What is the ten thousands digit of 32722375?
2
What is the hundreds digit of 2003749945?
9
What is the billions digit of 1433616021?
1
What is the units digit of 4107482970?
0
What is the hundred millions digit of 229954508?
2
What is the tens digit of 23201665?
6
What is the hundred millions digit of 828174825?
8
What is the hundreds digit of 33857254?
2
What is the hundred thousands digit of 264349303?
3
What is the billions digit of 3128122880?
3
What is the hundreds digit of 178737339?
3
What is the hundred thousands digit of 519771207?
7
What is the hundred millions digit of 1420073730?
4
What is the hundred thousands digit of 152327845?
3
What is the hundred thousands digit of 241722479?
7
What is the thousands digit of 166138927?
8
What is the hundred thousands digit of 6784575?
7
What is the ten millions digit of 1508278184?
0
What is the tens digit of 75514071?
7
What is the ten millions digit of 53748244?
5
What is the hundreds digit of 53343199?
1
What is the tens digit of 251351988?
8
What is the units digit of 712056208?
8
What is the ten millions digit of 420195286?
2
What is the billions digit of 1246345545?
1
What is the ten thousands digit of 43282909?
8
What is the hundred thousands digit of 9433243?
4
What is the hundred millions digit of 114807707?
1
What is the tens digit of 56289144?
4
What is the thousands digit of 2654179557?
9
What is the units digit of 3903819136?
6
What is the millions digit of 7296796595?
6
What is the hundreds digit of 29446456?
4
What is the hundred millions digit of 312266479?
3
What is the thousands digit of 1394520974?
0
What is the hundred thousands digit of 190297119?
2
What is the billions digit of 3079014054?
3
What is the units digit of 266577312?
2
What is the millions digit of 14126439?
4
What is the hundreds digit of 89744308?
3
What is the ten millions digit of 29721240?
2
What is the ten millions digit of 26961948?
2
What is the ten millions digit of 660567599?
6
What is the tens digit of 2298407667?
6
What is the ten thousands digit of 404660797?
6
What is the